{"id":33155,"date":"2025-03-12T14:28:16","date_gmt":"2025-03-12T17:28:16","guid":{"rendered":"https:\/\/www.hometheater.com.br\/portal\/?post_type=product&#038;p=33155"},"modified":"2025-03-12T14:34:57","modified_gmt":"2025-03-12T17:34:57","slug":"edicao-346-marco-2025","status":"publish","type":"product","link":"https:\/\/www.hometheater.com.br\/portal\/edicao-346-marco-2025\/","title":{"rendered":"Edi\u00e7\u00e3o 346 \u2013 Mar\u00e7o\/2025"},"content":{"rendered":"","protected":false},"excerpt":{"rendered":"<p><strong>*<\/strong> Modelo, tamanho, formato: um guia para escolher suas caixas ac\u00fasticas<\/p>\n<p><strong>*<\/strong> TVs: como aproveitar o m\u00e1ximo do seu esporte favorito, seja na TV ou no streaming<\/p>\n<p><strong>*<\/strong> Mostramos como funciona a Alexa Plus. E outras tend\u00eancias para 2025<\/p>\n<p><strong>*<\/strong> Conhe\u00e7a em detalhes a TCL de 115\u201d, a maior TV do mercado<\/p>\n<p><strong>*<\/strong> Ideias para sua casa: no living, telas de 100\u201d e 65\u201d fazem a alegria da fam\u00edlia<\/p>\n<p><strong>*<\/strong> Profissionais indicam solu\u00e7\u00f5es ac\u00fasticas para melhor envolvimento sonoro<\/p>\n<p><strong>*<\/strong> Testamos o projetor CineBeam Q 4K: compacto e inteligente<\/p>\n<p><strong>*<\/strong> Planet Tech: v\u00eam a\u00ed o chip qu\u00e2ntico, a tela OLED azul e o telhado solar<\/p>\n","protected":false},"featured_media":33159,"template":"","meta":[],"product_brand":[],"product_cat":[53,48],"product_tag":[],"class_list":{"0":"post-33155","1":"product","2":"type-product","3":"status-publish","4":"has-post-thumbnail","6":"product_cat-edicoes-avulsas","7":"product_cat-edicoes-impressas","9":"first","10":"instock","11":"shipping-taxable","12":"purchasable","13":"product-type-simple"},"yoast_head":"<!-- This site is optimized with the Yoast SEO plugin v25.7 - https:\/\/yoast.com\/wordpress\/plugins\/seo\/ -->\n<title>Edi\u00e7\u00e3o 346 \u2013 Mar\u00e7o\/2025 - HT &amp; Casa Digital<\/title>\n<meta name=\"robots\" content=\"index, follow, max-snippet:-1, max-image-preview:large, max-video-preview:-1\" \/>\n<link rel=\"canonical\" href=\"https:\/\/www.hometheater.com.br\/portal\/edicao-346-marco-2025\/\" \/>\n<meta property=\"og:locale\" content=\"pt_BR\" \/>\n<meta property=\"og:type\" content=\"article\" \/>\n<meta property=\"og:title\" content=\"Edi\u00e7\u00e3o 346 \u2013 Mar\u00e7o\/2025 - HT &amp; Casa Digital\" \/>\n<meta property=\"og:description\" content=\"* Modelo, tamanho, formato: um guia para escolher suas caixas ac\u00fasticas  * TVs: como aproveitar o m\u00e1ximo do seu esporte favorito, seja na TV ou no streaming  * Mostramos como funciona a Alexa Plus. E outras tend\u00eancias para 2025  * Conhe\u00e7a em detalhes a TCL de 115\u201d, a maior TV do mercado  * Ideias para sua casa: no living, telas de 100\u201d e 65\u201d fazem a alegria da fam\u00edlia  * Profissionais indicam solu\u00e7\u00f5es ac\u00fasticas para melhor envolvimento sonoro  * Testamos o projetor CineBeam Q 4K: compacto e inteligente  * Planet Tech: v\u00eam a\u00ed o chip qu\u00e2ntico, a tela OLED azul e o telhado solar\" \/>\n<meta property=\"og:url\" content=\"https:\/\/www.hometheater.com.br\/portal\/edicao-346-marco-2025\/\" \/>\n<meta property=\"og:site_name\" content=\"HT &amp; Casa Digital\" \/>\n<meta property=\"article:publisher\" content=\"https:\/\/web.facebook.com\/revistahometheater\" \/>\n<meta property=\"article:modified_time\" content=\"2025-03-12T17:34:57+00:00\" \/>\n<meta property=\"og:image\" content=\"https:\/\/www.hometheater.com.br\/portal\/wp-content\/uploads\/2025\/03\/ht_346.png\" \/>\n\t<meta property=\"og:image:width\" content=\"778\" \/>\n\t<meta property=\"og:image:height\" content=\"909\" \/>\n\t<meta property=\"og:image:type\" content=\"image\/png\" \/>\n<meta name=\"twitter:card\" content=\"summary_large_image\" \/>\n<meta name=\"twitter:site\" content=\"@hometheaterbr\" \/>\n<script type=\"application\/ld+json\" class=\"yoast-schema-graph\">{\"@context\":\"https:\/\/schema.org\",\"@graph\":[{\"@type\":\"WebPage\",\"@id\":\"https:\/\/www.hometheater.com.br\/portal\/edicao-346-marco-2025\/\",\"url\":\"https:\/\/www.hometheater.com.br\/portal\/edicao-346-marco-2025\/\",\"name\":\"Edi\u00e7\u00e3o 346 \u2013 Mar\u00e7o\/2025 - HT &amp; Casa Digital\",\"isPartOf\":{\"@id\":\"https:\/\/www.hometheater.com.br\/portal\/#website\"},\"primaryImageOfPage\":{\"@id\":\"https:\/\/www.hometheater.com.br\/portal\/edicao-346-marco-2025\/#primaryimage\"},\"image\":{\"@id\":\"https:\/\/www.hometheater.com.br\/portal\/edicao-346-marco-2025\/#primaryimage\"},\"thumbnailUrl\":\"https:\/\/www.hometheater.com.br\/portal\/wp-content\/uploads\/2025\/03\/ht_346.png\",\"datePublished\":\"2025-03-12T17:28:16+00:00\",\"dateModified\":\"2025-03-12T17:34:57+00:00\",\"breadcrumb\":{\"@id\":\"https:\/\/www.hometheater.com.br\/portal\/edicao-346-marco-2025\/#breadcrumb\"},\"inLanguage\":\"pt-BR\",\"potentialAction\":[{\"@type\":\"ReadAction\",\"target\":[\"https:\/\/www.hometheater.com.br\/portal\/edicao-346-marco-2025\/\"]}]},{\"@type\":\"ImageObject\",\"inLanguage\":\"pt-BR\",\"@id\":\"https:\/\/www.hometheater.com.br\/portal\/edicao-346-marco-2025\/#primaryimage\",\"url\":\"https:\/\/www.hometheater.com.br\/portal\/wp-content\/uploads\/2025\/03\/ht_346.png\",\"contentUrl\":\"https:\/\/www.hometheater.com.br\/portal\/wp-content\/uploads\/2025\/03\/ht_346.png\",\"width\":778,\"height\":909},{\"@type\":\"BreadcrumbList\",\"@id\":\"https:\/\/www.hometheater.com.br\/portal\/edicao-346-marco-2025\/#breadcrumb\",\"itemListElement\":[{\"@type\":\"ListItem\",\"position\":1,\"name\":\"In\u00edcio\",\"item\":\"https:\/\/www.hometheater.com.br\/portal\/\"},{\"@type\":\"ListItem\",\"position\":2,\"name\":\"Assine HT &#038; Casa Digital\u200b\",\"item\":\"https:\/\/www.hometheater.com.br\/portal\/shop\/\"},{\"@type\":\"ListItem\",\"position\":3,\"name\":\"Edi\u00e7\u00e3o 346 \u2013 Mar\u00e7o\/2025\"}]},{\"@type\":\"WebSite\",\"@id\":\"https:\/\/www.hometheater.com.br\/portal\/#website\",\"url\":\"https:\/\/www.hometheater.com.br\/portal\/\",\"name\":\"HT &amp; Casa Digital\",\"description\":\"O mundo digital em sua casa\",\"publisher\":{\"@id\":\"https:\/\/www.hometheater.com.br\/portal\/#organization\"},\"potentialAction\":[{\"@type\":\"SearchAction\",\"target\":{\"@type\":\"EntryPoint\",\"urlTemplate\":\"https:\/\/www.hometheater.com.br\/portal\/?s={search_term_string}\"},\"query-input\":{\"@type\":\"PropertyValueSpecification\",\"valueRequired\":true,\"valueName\":\"search_term_string\"}}],\"inLanguage\":\"pt-BR\"},{\"@type\":\"Organization\",\"@id\":\"https:\/\/www.hometheater.com.br\/portal\/#organization\",\"name\":\"Home Theater\",\"url\":\"https:\/\/www.hometheater.com.br\/portal\/\",\"logo\":{\"@type\":\"ImageObject\",\"inLanguage\":\"pt-BR\",\"@id\":\"https:\/\/www.hometheater.com.br\/portal\/#\/schema\/logo\/image\/\",\"url\":\"https:\/\/www.hometheater.com.br\/portal\/wp-content\/uploads\/2022\/06\/assine_ht_01.png\",\"contentUrl\":\"https:\/\/www.hometheater.com.br\/portal\/wp-content\/uploads\/2022\/06\/assine_ht_01.png\",\"width\":800,\"height\":254,\"caption\":\"Home Theater\"},\"image\":{\"@id\":\"https:\/\/www.hometheater.com.br\/portal\/#\/schema\/logo\/image\/\"},\"sameAs\":[\"https:\/\/web.facebook.com\/revistahometheater\",\"https:\/\/x.com\/hometheaterbr\"]}]}<\/script>\n<!-- \/ Yoast SEO plugin. -->","yoast_head_json":{"title":"Edi\u00e7\u00e3o 346 \u2013 Mar\u00e7o\/2025 - HT &amp; Casa Digital","robots":{"index":"index","follow":"follow","max-snippet":"max-snippet:-1","max-image-preview":"max-image-preview:large","max-video-preview":"max-video-preview:-1"},"canonical":"https:\/\/www.hometheater.com.br\/portal\/edicao-346-marco-2025\/","og_locale":"pt_BR","og_type":"article","og_title":"Edi\u00e7\u00e3o 346 \u2013 Mar\u00e7o\/2025 - HT &amp; Casa Digital","og_description":"* Modelo, tamanho, formato: um guia para escolher suas caixas ac\u00fasticas  * TVs: como aproveitar o m\u00e1ximo do seu esporte favorito, seja na TV ou no streaming  * Mostramos como funciona a Alexa Plus. E outras tend\u00eancias para 2025  * Conhe\u00e7a em detalhes a TCL de 115\u201d, a maior TV do mercado  * Ideias para sua casa: no living, telas de 100\u201d e 65\u201d fazem a alegria da fam\u00edlia  * Profissionais indicam solu\u00e7\u00f5es ac\u00fasticas para melhor envolvimento sonoro  * Testamos o projetor CineBeam Q 4K: compacto e inteligente  * Planet Tech: v\u00eam a\u00ed o chip qu\u00e2ntico, a tela OLED azul e o telhado solar","og_url":"https:\/\/www.hometheater.com.br\/portal\/edicao-346-marco-2025\/","og_site_name":"HT &amp; Casa Digital","article_publisher":"https:\/\/web.facebook.com\/revistahometheater","article_modified_time":"2025-03-12T17:34:57+00:00","og_image":[{"width":778,"height":909,"url":"https:\/\/www.hometheater.com.br\/portal\/wp-content\/uploads\/2025\/03\/ht_346.png","type":"image\/png"}],"twitter_card":"summary_large_image","twitter_site":"@hometheaterbr","schema":{"@context":"https:\/\/schema.org","@graph":[{"@type":"WebPage","@id":"https:\/\/www.hometheater.com.br\/portal\/edicao-346-marco-2025\/","url":"https:\/\/www.hometheater.com.br\/portal\/edicao-346-marco-2025\/","name":"Edi\u00e7\u00e3o 346 \u2013 Mar\u00e7o\/2025 - HT &amp; Casa Digital","isPartOf":{"@id":"https:\/\/www.hometheater.com.br\/portal\/#website"},"primaryImageOfPage":{"@id":"https:\/\/www.hometheater.com.br\/portal\/edicao-346-marco-2025\/#primaryimage"},"image":{"@id":"https:\/\/www.hometheater.com.br\/portal\/edicao-346-marco-2025\/#primaryimage"},"thumbnailUrl":"https:\/\/www.hometheater.com.br\/portal\/wp-content\/uploads\/2025\/03\/ht_346.png","datePublished":"2025-03-12T17:28:16+00:00","dateModified":"2025-03-12T17:34:57+00:00","breadcrumb":{"@id":"https:\/\/www.hometheater.com.br\/portal\/edicao-346-marco-2025\/#breadcrumb"},"inLanguage":"pt-BR","potentialAction":[{"@type":"ReadAction","target":["https:\/\/www.hometheater.com.br\/portal\/edicao-346-marco-2025\/"]}]},{"@type":"ImageObject","inLanguage":"pt-BR","@id":"https:\/\/www.hometheater.com.br\/portal\/edicao-346-marco-2025\/#primaryimage","url":"https:\/\/www.hometheater.com.br\/portal\/wp-content\/uploads\/2025\/03\/ht_346.png","contentUrl":"https:\/\/www.hometheater.com.br\/portal\/wp-content\/uploads\/2025\/03\/ht_346.png","width":778,"height":909},{"@type":"BreadcrumbList","@id":"https:\/\/www.hometheater.com.br\/portal\/edicao-346-marco-2025\/#breadcrumb","itemListElement":[{"@type":"ListItem","position":1,"name":"In\u00edcio","item":"https:\/\/www.hometheater.com.br\/portal\/"},{"@type":"ListItem","position":2,"name":"Assine HT &#038; Casa Digital\u200b","item":"https:\/\/www.hometheater.com.br\/portal\/shop\/"},{"@type":"ListItem","position":3,"name":"Edi\u00e7\u00e3o 346 \u2013 Mar\u00e7o\/2025"}]},{"@type":"WebSite","@id":"https:\/\/www.hometheater.com.br\/portal\/#website","url":"https:\/\/www.hometheater.com.br\/portal\/","name":"HT &amp; Casa Digital","description":"O mundo digital em sua casa","publisher":{"@id":"https:\/\/www.hometheater.com.br\/portal\/#organization"},"potentialAction":[{"@type":"SearchAction","target":{"@type":"EntryPoint","urlTemplate":"https:\/\/www.hometheater.com.br\/portal\/?s={search_term_string}"},"query-input":{"@type":"PropertyValueSpecification","valueRequired":true,"valueName":"search_term_string"}}],"inLanguage":"pt-BR"},{"@type":"Organization","@id":"https:\/\/www.hometheater.com.br\/portal\/#organization","name":"Home Theater","url":"https:\/\/www.hometheater.com.br\/portal\/","logo":{"@type":"ImageObject","inLanguage":"pt-BR","@id":"https:\/\/www.hometheater.com.br\/portal\/#\/schema\/logo\/image\/","url":"https:\/\/www.hometheater.com.br\/portal\/wp-content\/uploads\/2022\/06\/assine_ht_01.png","contentUrl":"https:\/\/www.hometheater.com.br\/portal\/wp-content\/uploads\/2022\/06\/assine_ht_01.png","width":800,"height":254,"caption":"Home Theater"},"image":{"@id":"https:\/\/www.hometheater.com.br\/portal\/#\/schema\/logo\/image\/"},"sameAs":["https:\/\/web.facebook.com\/revistahometheater","https:\/\/x.com\/hometheaterbr"]}]}},"_links":{"self":[{"href":"https:\/\/www.hometheater.com.br\/portal\/wp-json\/wp\/v2\/product\/33155","targetHints":{"allow":["GET"]}}],"collection":[{"href":"https:\/\/www.hometheater.com.br\/portal\/wp-json\/wp\/v2\/product"}],"about":[{"href":"https:\/\/www.hometheater.com.br\/portal\/wp-json\/wp\/v2\/types\/product"}],"wp:featuredmedia":[{"embeddable":true,"href":"https:\/\/www.hometheater.com.br\/portal\/wp-json\/wp\/v2\/media\/33159"}],"wp:attachment":[{"href":"https:\/\/www.hometheater.com.br\/portal\/wp-json\/wp\/v2\/media?parent=33155"}],"wp:term":[{"taxonomy":"product_brand","embeddable":true,"href":"https:\/\/www.hometheater.com.br\/portal\/wp-json\/wp\/v2\/product_brand?post=33155"},{"taxonomy":"product_cat","embeddable":true,"href":"https:\/\/www.hometheater.com.br\/portal\/wp-json\/wp\/v2\/product_cat?post=33155"},{"taxonomy":"product_tag","embeddable":true,"href":"https:\/\/www.hometheater.com.br\/portal\/wp-json\/wp\/v2\/product_tag?post=33155"}],"curies":[{"name":"wp","href":"https:\/\/api.w.org\/{rel}","templated":true}]}}