{"id":16501,"date":"2020-03-13T16:20:29","date_gmt":"2020-03-13T19:20:29","guid":{"rendered":"https:\/\/www.hometheater.com.br\/portal\/?post_type=product&#038;p=16501"},"modified":"2022-06-07T11:58:34","modified_gmt":"2022-06-07T14:58:34","slug":"home-theater-casa-digital-edicao-286","status":"publish","type":"product","link":"https:\/\/www.hometheater.com.br\/portal\/home-theater-casa-digital-edicao-286\/","title":{"rendered":"Home Theater &#038; Casa Digital &#8211; Edi\u00e7\u00e3o 286"},"content":{"rendered":"<h5><strong>*<\/strong> Tudo que voc\u00ea precisa saber sobre os <strong>pain\u00e9is de TV<\/strong> (aten\u00e7\u00e3o: novos modelos est\u00e3o chegando)<\/h5>\n<h5><strong>*<\/strong> Automa\u00e7\u00e3o mais simples e barata: chegou a hora de ter sua<strong> Smart Home<\/strong>.<\/h5>\n<h5><strong>*<\/strong> M\u00fasica em 3D: os segredos do sistema <strong>Dolby Atmos Music<\/strong>.<\/h5>\n<h5><strong>*<\/strong> Tiramos todas as d\u00favidas para quem quer comprar um <strong>projetor compacto.<\/strong><\/h5>\n<h5><strong>*<\/strong> <strong>Condicionador de energia<\/strong>: novas maneiras de proteger seu equipamento contra raios e trov\u00f5es<\/h5>\n<h5><strong>*<\/strong> <strong>Streaming<\/strong>: as s\u00e9ries que trazem de volta velhos personagens, de roupa nova.<\/h5>\n<h5>E mais um <strong>teste exclusivo<\/strong>: TV Samsung QLED 4K de 75 polegadas.<\/h5>\n","protected":false},"excerpt":{"rendered":"<p>* Tudo que voc\u00ea precisa saber sobre os pain\u00e9is de TV (aten\u00e7\u00e3o: novos modelos est\u00e3o chegando) * Automa\u00e7\u00e3o mais simples e barata: chegou a hora<\/p>\n","protected":false},"featured_media":16471,"template":"","meta":[],"product_brand":[],"product_cat":[53],"product_tag":[],"class_list":{"0":"post-16501","1":"product","2":"type-product","3":"status-publish","4":"has-post-thumbnail","6":"product_cat-edicoes-avulsas","8":"first","9":"instock","10":"shipping-taxable","11":"purchasable","12":"product-type-simple"},"yoast_head":"<!-- This site is optimized with the Yoast SEO plugin v25.7 - https:\/\/yoast.com\/wordpress\/plugins\/seo\/ -->\n<title>Home Theater &amp; Casa Digital - Edi\u00e7\u00e3o 286 - HT &amp; Casa Digital<\/title>\n<meta name=\"robots\" content=\"index, follow, max-snippet:-1, max-image-preview:large, max-video-preview:-1\" \/>\n<link rel=\"canonical\" href=\"https:\/\/www.hometheater.com.br\/portal\/home-theater-casa-digital-edicao-286\/\" \/>\n<meta property=\"og:locale\" content=\"pt_BR\" \/>\n<meta property=\"og:type\" content=\"article\" \/>\n<meta property=\"og:title\" content=\"Home Theater &amp; Casa Digital - Edi\u00e7\u00e3o 286 - HT &amp; Casa Digital\" \/>\n<meta property=\"og:description\" content=\"* Tudo que voc\u00ea precisa saber sobre os pain\u00e9is de TV (aten\u00e7\u00e3o: novos modelos est\u00e3o chegando) * Automa\u00e7\u00e3o mais simples e barata: chegou a hora\" \/>\n<meta property=\"og:url\" content=\"https:\/\/www.hometheater.com.br\/portal\/home-theater-casa-digital-edicao-286\/\" \/>\n<meta property=\"og:site_name\" content=\"HT &amp; Casa Digital\" \/>\n<meta property=\"article:publisher\" content=\"https:\/\/web.facebook.com\/revistahometheater\" \/>\n<meta property=\"article:modified_time\" content=\"2022-06-07T14:58:34+00:00\" \/>\n<meta property=\"og:image\" content=\"https:\/\/www.hometheater.com.br\/portal\/wp-content\/uploads\/2020\/03\/capa_286c.jpg\" \/>\n\t<meta property=\"og:image:width\" content=\"900\" \/>\n\t<meta property=\"og:image:height\" content=\"1200\" \/>\n\t<meta property=\"og:image:type\" content=\"image\/jpeg\" \/>\n<meta name=\"twitter:card\" content=\"summary_large_image\" \/>\n<meta name=\"twitter:site\" content=\"@hometheaterbr\" \/>\n<script type=\"application\/ld+json\" class=\"yoast-schema-graph\">{\"@context\":\"https:\/\/schema.org\",\"@graph\":[{\"@type\":\"WebPage\",\"@id\":\"https:\/\/www.hometheater.com.br\/portal\/home-theater-casa-digital-edicao-286\/\",\"url\":\"https:\/\/www.hometheater.com.br\/portal\/home-theater-casa-digital-edicao-286\/\",\"name\":\"Home Theater & Casa Digital - Edi\u00e7\u00e3o 286 - HT &amp; Casa Digital\",\"isPartOf\":{\"@id\":\"https:\/\/www.hometheater.com.br\/portal\/#website\"},\"primaryImageOfPage\":{\"@id\":\"https:\/\/www.hometheater.com.br\/portal\/home-theater-casa-digital-edicao-286\/#primaryimage\"},\"image\":{\"@id\":\"https:\/\/www.hometheater.com.br\/portal\/home-theater-casa-digital-edicao-286\/#primaryimage\"},\"thumbnailUrl\":\"https:\/\/www.hometheater.com.br\/portal\/wp-content\/uploads\/2020\/03\/capa_286c.jpg\",\"datePublished\":\"2020-03-13T19:20:29+00:00\",\"dateModified\":\"2022-06-07T14:58:34+00:00\",\"breadcrumb\":{\"@id\":\"https:\/\/www.hometheater.com.br\/portal\/home-theater-casa-digital-edicao-286\/#breadcrumb\"},\"inLanguage\":\"pt-BR\",\"potentialAction\":[{\"@type\":\"ReadAction\",\"target\":[\"https:\/\/www.hometheater.com.br\/portal\/home-theater-casa-digital-edicao-286\/\"]}]},{\"@type\":\"ImageObject\",\"inLanguage\":\"pt-BR\",\"@id\":\"https:\/\/www.hometheater.com.br\/portal\/home-theater-casa-digital-edicao-286\/#primaryimage\",\"url\":\"https:\/\/www.hometheater.com.br\/portal\/wp-content\/uploads\/2020\/03\/capa_286c.jpg\",\"contentUrl\":\"https:\/\/www.hometheater.com.br\/portal\/wp-content\/uploads\/2020\/03\/capa_286c.jpg\",\"width\":900,\"height\":1200},{\"@type\":\"BreadcrumbList\",\"@id\":\"https:\/\/www.hometheater.com.br\/portal\/home-theater-casa-digital-edicao-286\/#breadcrumb\",\"itemListElement\":[{\"@type\":\"ListItem\",\"position\":1,\"name\":\"In\u00edcio\",\"item\":\"https:\/\/www.hometheater.com.br\/portal\/\"},{\"@type\":\"ListItem\",\"position\":2,\"name\":\"Assine HT &#038; Casa Digital\u200b\",\"item\":\"https:\/\/www.hometheater.com.br\/portal\/shop\/\"},{\"@type\":\"ListItem\",\"position\":3,\"name\":\"Home Theater &#038; Casa Digital &#8211; Edi\u00e7\u00e3o 286\"}]},{\"@type\":\"WebSite\",\"@id\":\"https:\/\/www.hometheater.com.br\/portal\/#website\",\"url\":\"https:\/\/www.hometheater.com.br\/portal\/\",\"name\":\"HT &amp; Casa Digital\",\"description\":\"O mundo digital em sua casa\",\"publisher\":{\"@id\":\"https:\/\/www.hometheater.com.br\/portal\/#organization\"},\"potentialAction\":[{\"@type\":\"SearchAction\",\"target\":{\"@type\":\"EntryPoint\",\"urlTemplate\":\"https:\/\/www.hometheater.com.br\/portal\/?s={search_term_string}\"},\"query-input\":{\"@type\":\"PropertyValueSpecification\",\"valueRequired\":true,\"valueName\":\"search_term_string\"}}],\"inLanguage\":\"pt-BR\"},{\"@type\":\"Organization\",\"@id\":\"https:\/\/www.hometheater.com.br\/portal\/#organization\",\"name\":\"Home Theater\",\"url\":\"https:\/\/www.hometheater.com.br\/portal\/\",\"logo\":{\"@type\":\"ImageObject\",\"inLanguage\":\"pt-BR\",\"@id\":\"https:\/\/www.hometheater.com.br\/portal\/#\/schema\/logo\/image\/\",\"url\":\"https:\/\/www.hometheater.com.br\/portal\/wp-content\/uploads\/2022\/06\/assine_ht_01.png\",\"contentUrl\":\"https:\/\/www.hometheater.com.br\/portal\/wp-content\/uploads\/2022\/06\/assine_ht_01.png\",\"width\":800,\"height\":254,\"caption\":\"Home Theater\"},\"image\":{\"@id\":\"https:\/\/www.hometheater.com.br\/portal\/#\/schema\/logo\/image\/\"},\"sameAs\":[\"https:\/\/web.facebook.com\/revistahometheater\",\"https:\/\/x.com\/hometheaterbr\"]}]}<\/script>\n<!-- \/ Yoast SEO plugin. -->","yoast_head_json":{"title":"Home Theater & Casa Digital - Edi\u00e7\u00e3o 286 - HT &amp; Casa Digital","robots":{"index":"index","follow":"follow","max-snippet":"max-snippet:-1","max-image-preview":"max-image-preview:large","max-video-preview":"max-video-preview:-1"},"canonical":"https:\/\/www.hometheater.com.br\/portal\/home-theater-casa-digital-edicao-286\/","og_locale":"pt_BR","og_type":"article","og_title":"Home Theater & Casa Digital - Edi\u00e7\u00e3o 286 - HT &amp; Casa Digital","og_description":"* Tudo que voc\u00ea precisa saber sobre os pain\u00e9is de TV (aten\u00e7\u00e3o: novos modelos est\u00e3o chegando) * Automa\u00e7\u00e3o mais simples e barata: chegou a hora","og_url":"https:\/\/www.hometheater.com.br\/portal\/home-theater-casa-digital-edicao-286\/","og_site_name":"HT &amp; Casa Digital","article_publisher":"https:\/\/web.facebook.com\/revistahometheater","article_modified_time":"2022-06-07T14:58:34+00:00","og_image":[{"width":900,"height":1200,"url":"https:\/\/www.hometheater.com.br\/portal\/wp-content\/uploads\/2020\/03\/capa_286c.jpg","type":"image\/jpeg"}],"twitter_card":"summary_large_image","twitter_site":"@hometheaterbr","schema":{"@context":"https:\/\/schema.org","@graph":[{"@type":"WebPage","@id":"https:\/\/www.hometheater.com.br\/portal\/home-theater-casa-digital-edicao-286\/","url":"https:\/\/www.hometheater.com.br\/portal\/home-theater-casa-digital-edicao-286\/","name":"Home Theater & Casa Digital - Edi\u00e7\u00e3o 286 - HT &amp; Casa Digital","isPartOf":{"@id":"https:\/\/www.hometheater.com.br\/portal\/#website"},"primaryImageOfPage":{"@id":"https:\/\/www.hometheater.com.br\/portal\/home-theater-casa-digital-edicao-286\/#primaryimage"},"image":{"@id":"https:\/\/www.hometheater.com.br\/portal\/home-theater-casa-digital-edicao-286\/#primaryimage"},"thumbnailUrl":"https:\/\/www.hometheater.com.br\/portal\/wp-content\/uploads\/2020\/03\/capa_286c.jpg","datePublished":"2020-03-13T19:20:29+00:00","dateModified":"2022-06-07T14:58:34+00:00","breadcrumb":{"@id":"https:\/\/www.hometheater.com.br\/portal\/home-theater-casa-digital-edicao-286\/#breadcrumb"},"inLanguage":"pt-BR","potentialAction":[{"@type":"ReadAction","target":["https:\/\/www.hometheater.com.br\/portal\/home-theater-casa-digital-edicao-286\/"]}]},{"@type":"ImageObject","inLanguage":"pt-BR","@id":"https:\/\/www.hometheater.com.br\/portal\/home-theater-casa-digital-edicao-286\/#primaryimage","url":"https:\/\/www.hometheater.com.br\/portal\/wp-content\/uploads\/2020\/03\/capa_286c.jpg","contentUrl":"https:\/\/www.hometheater.com.br\/portal\/wp-content\/uploads\/2020\/03\/capa_286c.jpg","width":900,"height":1200},{"@type":"BreadcrumbList","@id":"https:\/\/www.hometheater.com.br\/portal\/home-theater-casa-digital-edicao-286\/#breadcrumb","itemListElement":[{"@type":"ListItem","position":1,"name":"In\u00edcio","item":"https:\/\/www.hometheater.com.br\/portal\/"},{"@type":"ListItem","position":2,"name":"Assine HT &#038; Casa Digital\u200b","item":"https:\/\/www.hometheater.com.br\/portal\/shop\/"},{"@type":"ListItem","position":3,"name":"Home Theater &#038; Casa Digital &#8211; Edi\u00e7\u00e3o 286"}]},{"@type":"WebSite","@id":"https:\/\/www.hometheater.com.br\/portal\/#website","url":"https:\/\/www.hometheater.com.br\/portal\/","name":"HT &amp; Casa Digital","description":"O mundo digital em sua casa","publisher":{"@id":"https:\/\/www.hometheater.com.br\/portal\/#organization"},"potentialAction":[{"@type":"SearchAction","target":{"@type":"EntryPoint","urlTemplate":"https:\/\/www.hometheater.com.br\/portal\/?s={search_term_string}"},"query-input":{"@type":"PropertyValueSpecification","valueRequired":true,"valueName":"search_term_string"}}],"inLanguage":"pt-BR"},{"@type":"Organization","@id":"https:\/\/www.hometheater.com.br\/portal\/#organization","name":"Home Theater","url":"https:\/\/www.hometheater.com.br\/portal\/","logo":{"@type":"ImageObject","inLanguage":"pt-BR","@id":"https:\/\/www.hometheater.com.br\/portal\/#\/schema\/logo\/image\/","url":"https:\/\/www.hometheater.com.br\/portal\/wp-content\/uploads\/2022\/06\/assine_ht_01.png","contentUrl":"https:\/\/www.hometheater.com.br\/portal\/wp-content\/uploads\/2022\/06\/assine_ht_01.png","width":800,"height":254,"caption":"Home Theater"},"image":{"@id":"https:\/\/www.hometheater.com.br\/portal\/#\/schema\/logo\/image\/"},"sameAs":["https:\/\/web.facebook.com\/revistahometheater","https:\/\/x.com\/hometheaterbr"]}]}},"_links":{"self":[{"href":"https:\/\/www.hometheater.com.br\/portal\/wp-json\/wp\/v2\/product\/16501","targetHints":{"allow":["GET"]}}],"collection":[{"href":"https:\/\/www.hometheater.com.br\/portal\/wp-json\/wp\/v2\/product"}],"about":[{"href":"https:\/\/www.hometheater.com.br\/portal\/wp-json\/wp\/v2\/types\/product"}],"wp:featuredmedia":[{"embeddable":true,"href":"https:\/\/www.hometheater.com.br\/portal\/wp-json\/wp\/v2\/media\/16471"}],"wp:attachment":[{"href":"https:\/\/www.hometheater.com.br\/portal\/wp-json\/wp\/v2\/media?parent=16501"}],"wp:term":[{"taxonomy":"product_brand","embeddable":true,"href":"https:\/\/www.hometheater.com.br\/portal\/wp-json\/wp\/v2\/product_brand?post=16501"},{"taxonomy":"product_cat","embeddable":true,"href":"https:\/\/www.hometheater.com.br\/portal\/wp-json\/wp\/v2\/product_cat?post=16501"},{"taxonomy":"product_tag","embeddable":true,"href":"https:\/\/www.hometheater.com.br\/portal\/wp-json\/wp\/v2\/product_tag?post=16501"}],"curies":[{"name":"wp","href":"https:\/\/api.w.org\/{rel}","templated":true}]}}