{"id":8176,"date":"2019-07-12T17:13:30","date_gmt":"2019-07-12T20:13:30","guid":{"rendered":"https:\/\/www.hometheater.com.br\/portal\/?page_id=8176"},"modified":"2019-07-12T17:45:21","modified_gmt":"2019-07-12T20:45:21","slug":"joao-yazbek-aat-audio","status":"publish","type":"page","link":"https:\/\/www.hometheater.com.br\/portal\/joao-yazbek-aat-audio\/","title":{"rendered":"JO\u00c3O YAZBEK &#8211; AAT \u00c1udio"},"content":{"rendered":"<p><img loading=\"lazy\" decoding=\"async\" class=\"alignleft size-full wp-image-8177\" src=\"https:\/\/www.hometheater.com.br\/portal\/wp-content\/uploads\/2019\/07\/j_yasbek.png\" alt=\"\" width=\"250\" height=\"253\" srcset=\"https:\/\/www.hometheater.com.br\/portal\/wp-content\/uploads\/2019\/07\/j_yasbek.png 250w, https:\/\/www.hometheater.com.br\/portal\/wp-content\/uploads\/2019\/07\/j_yasbek-100x100.png 100w\" sizes=\"auto, (max-width: 250px) 100vw, 250px\" \/>Reconhecido como um dos mais importantes e influentes profissionais do segmento de \u00e1udio e v\u00eddeo residencial brasileiro, o engenheiro Jo\u00e3o Yazbek tem 30 anos de experi\u00eancia na \u00e1rea de Consumer Electronics. Fundador e diretor da AAT (Advanced Audio Technologies), ele construiu sua carreira com uma s\u00f3lida forma\u00e7\u00e3o acad\u00eamica, que inclui um Master Degree em Engenharia Eletr\u00f4nica pela Universidade de S\u00e3o Paulo e um MBA pela conceituada Universidade de Chicago.<\/p>\n<p>Entre as v\u00e1rias corpora\u00e7\u00f5es em que atuou, ganha destaque sua passagem pela Philips do Brasil, onde ficou por 15 anos na \u00e1rea de Desenvolvimento de Produtos de \u00c1udio e V\u00eddeo. Hoje, a AAT \u00e9 a \u00fanica marca brasileira do segmento de \u00e1udio que oferece uma linha completa de produtos para qualquer tipo de projeto. \u00c9 ainda a empresa com a maior linha de subwoofers do Brasil. Ao todo, a empresa produz mais de 80 itens, que se destacam pelo acabamento, design e desempenho excepcionais, tornando-se refer\u00eancia absoluta para consumidores, projetistas, integradores e designers de interiores.<\/p><div class=\"homet-conteudo\" style=\"text-align: center;\" id=\"homet-588626017\"><div data-cfpa=\"36066\" data-cfpw=\"36066\" id=\"homet-3475548659\"><a data-no-instant=\"1\" href=\"https:\/\/loja.sommaior.com.br\/\" rel=\"noopener\" class=\"a2t-link\" aria-label=\"ABBEY-ROAD_360x300px\"><img loading=\"lazy\" decoding=\"async\" src=\"https:\/\/www.hometheater.com.br\/portal\/wp-content\/uploads\/2025\/10\/ABBEY-ROAD_360x300px.jpg\" alt=\"\"  class=\"no-lazyload\" width=\"300\" height=\"250\"   \/><\/a><\/div><script type=\"text\/javascript\">;new advadsCfpAd( 36066 );<\/script><\/div>\n<p>Os produtos da AAT podem ser encontrados em projetos residenciais de alto n\u00edvel nas mais variadas cidades brasileiras. O sucesso \u00e9 tanto que as solu\u00e7\u00f5es da empresa ganham destaque no principal anu\u00e1rio brasileiro de projetos de \u00e1udio e v\u00eddeo desde 2014. Al\u00e9m disso, a AAT foi finalista do Trof\u00e9u Home Theater, concedido pela revista Home Theater, principal publica\u00e7\u00e3o brasileira do setor, nas categorias Melhor Subwoofer e Melhor Caixa Ac\u00fastica de Embutir.<\/p>\n<p>A empresa competiu lado a lado com algumas das mais importantes marcas internacionais do setor.Em janeiro de 2018, pouco tempo ap\u00f3s iniciar o projeto de expans\u00e3o da marca para os EUA, a AAT comemorou mais uma importante vit\u00f3ria. O \u00fanico subwoofer na lista dos melhores produtos do ano testados pela revista Home Theater publica\u00e7\u00e3o foi o modelo New Gen AAT, de 12 polegadas.<\/p>\n<p><a href=\"https:\/\/www.hometheater.com.br\/portal\/home-expert-inscricoes\/\"><img loading=\"lazy\" decoding=\"async\" class=\"aligncenter size-full wp-image-8003\" src=\"https:\/\/www.hometheater.com.br\/portal\/wp-content\/uploads\/2019\/06\/reserve2.png\" alt=\"\" width=\"420\" height=\"96\" srcset=\"https:\/\/www.hometheater.com.br\/portal\/wp-content\/uploads\/2019\/06\/reserve2.png 420w, https:\/\/www.hometheater.com.br\/portal\/wp-content\/uploads\/2019\/06\/reserve2-400x91.png 400w, https:\/\/www.hometheater.com.br\/portal\/wp-content\/uploads\/2019\/06\/reserve2-300x69.png 300w\" sizes=\"auto, (max-width: 420px) 100vw, 420px\" \/><\/a><\/p>\n","protected":false},"excerpt":{"rendered":"<p>Reconhecido como um dos mais importantes e influentes profissionais do segmento de \u00e1udio e v\u00eddeo residencial brasileiro, o engenheiro Jo\u00e3o Yazbek tem 30 anos de<\/p>\n","protected":false},"author":1,"featured_media":0,"parent":0,"menu_order":0,"comment_status":"closed","ping_status":"closed","template":"","meta":{"footnotes":""},"class_list":["post-8176","page","type-page","status-publish","hentry"],"yoast_head":"<!-- This site is optimized with the Yoast SEO plugin v25.7 - https:\/\/yoast.com\/wordpress\/plugins\/seo\/ -->\n<title>JO\u00c3O YAZBEK - AAT \u00c1udio - HT &amp; Casa Digital<\/title>\n<meta name=\"robots\" content=\"index, follow, max-snippet:-1, max-image-preview:large, max-video-preview:-1\" \/>\n<link rel=\"canonical\" href=\"https:\/\/www.hometheater.com.br\/portal\/joao-yazbek-aat-audio\/\" \/>\n<meta property=\"og:locale\" content=\"pt_BR\" \/>\n<meta property=\"og:type\" content=\"article\" \/>\n<meta property=\"og:title\" content=\"JO\u00c3O YAZBEK - AAT \u00c1udio - HT &amp; Casa Digital\" \/>\n<meta property=\"og:description\" content=\"Reconhecido como um dos mais importantes e influentes profissionais do segmento de \u00e1udio e v\u00eddeo residencial brasileiro, o engenheiro Jo\u00e3o Yazbek tem 30 anos de\" \/>\n<meta property=\"og:url\" content=\"https:\/\/www.hometheater.com.br\/portal\/joao-yazbek-aat-audio\/\" \/>\n<meta property=\"og:site_name\" content=\"HT &amp; Casa Digital\" \/>\n<meta property=\"article:publisher\" content=\"https:\/\/web.facebook.com\/revistahometheater\" \/>\n<meta property=\"article:modified_time\" content=\"2019-07-12T20:45:21+00:00\" \/>\n<meta property=\"og:image\" content=\"https:\/\/www.hometheater.com.br\/portal\/wp-content\/uploads\/2019\/07\/j_yasbek.png\" \/>\n<meta name=\"twitter:card\" content=\"summary_large_image\" \/>\n<meta name=\"twitter:site\" content=\"@hometheaterbr\" \/>\n<meta name=\"twitter:label1\" content=\"Est. tempo de leitura\" \/>\n\t<meta name=\"twitter:data1\" content=\"2 minutos\" \/>\n<script type=\"application\/ld+json\" class=\"yoast-schema-graph\">{\"@context\":\"https:\/\/schema.org\",\"@graph\":[{\"@type\":\"WebPage\",\"@id\":\"https:\/\/www.hometheater.com.br\/portal\/joao-yazbek-aat-audio\/\",\"url\":\"https:\/\/www.hometheater.com.br\/portal\/joao-yazbek-aat-audio\/\",\"name\":\"JO\u00c3O YAZBEK - AAT \u00c1udio - HT &amp; Casa Digital\",\"isPartOf\":{\"@id\":\"https:\/\/www.hometheater.com.br\/portal\/#website\"},\"primaryImageOfPage\":{\"@id\":\"https:\/\/www.hometheater.com.br\/portal\/joao-yazbek-aat-audio\/#primaryimage\"},\"image\":{\"@id\":\"https:\/\/www.hometheater.com.br\/portal\/joao-yazbek-aat-audio\/#primaryimage\"},\"thumbnailUrl\":\"https:\/\/www.hometheater.com.br\/portal\/wp-content\/uploads\/2019\/07\/j_yasbek.png\",\"datePublished\":\"2019-07-12T20:13:30+00:00\",\"dateModified\":\"2019-07-12T20:45:21+00:00\",\"breadcrumb\":{\"@id\":\"https:\/\/www.hometheater.com.br\/portal\/joao-yazbek-aat-audio\/#breadcrumb\"},\"inLanguage\":\"pt-BR\",\"potentialAction\":[{\"@type\":\"ReadAction\",\"target\":[\"https:\/\/www.hometheater.com.br\/portal\/joao-yazbek-aat-audio\/\"]}]},{\"@type\":\"ImageObject\",\"inLanguage\":\"pt-BR\",\"@id\":\"https:\/\/www.hometheater.com.br\/portal\/joao-yazbek-aat-audio\/#primaryimage\",\"url\":\"https:\/\/www.hometheater.com.br\/portal\/wp-content\/uploads\/2019\/07\/j_yasbek.png\",\"contentUrl\":\"https:\/\/www.hometheater.com.br\/portal\/wp-content\/uploads\/2019\/07\/j_yasbek.png\",\"width\":250,\"height\":253},{\"@type\":\"BreadcrumbList\",\"@id\":\"https:\/\/www.hometheater.com.br\/portal\/joao-yazbek-aat-audio\/#breadcrumb\",\"itemListElement\":[{\"@type\":\"ListItem\",\"position\":1,\"name\":\"In\u00edcio\",\"item\":\"https:\/\/www.hometheater.com.br\/portal\/\"},{\"@type\":\"ListItem\",\"position\":2,\"name\":\"JO\u00c3O YAZBEK &#8211; AAT \u00c1udio\"}]},{\"@type\":\"WebSite\",\"@id\":\"https:\/\/www.hometheater.com.br\/portal\/#website\",\"url\":\"https:\/\/www.hometheater.com.br\/portal\/\",\"name\":\"HT &amp; Casa Digital\",\"description\":\"O mundo digital em sua casa\",\"publisher\":{\"@id\":\"https:\/\/www.hometheater.com.br\/portal\/#organization\"},\"potentialAction\":[{\"@type\":\"SearchAction\",\"target\":{\"@type\":\"EntryPoint\",\"urlTemplate\":\"https:\/\/www.hometheater.com.br\/portal\/?s={search_term_string}\"},\"query-input\":{\"@type\":\"PropertyValueSpecification\",\"valueRequired\":true,\"valueName\":\"search_term_string\"}}],\"inLanguage\":\"pt-BR\"},{\"@type\":\"Organization\",\"@id\":\"https:\/\/www.hometheater.com.br\/portal\/#organization\",\"name\":\"Home Theater\",\"url\":\"https:\/\/www.hometheater.com.br\/portal\/\",\"logo\":{\"@type\":\"ImageObject\",\"inLanguage\":\"pt-BR\",\"@id\":\"https:\/\/www.hometheater.com.br\/portal\/#\/schema\/logo\/image\/\",\"url\":\"https:\/\/www.hometheater.com.br\/portal\/wp-content\/uploads\/2022\/06\/assine_ht_01.png\",\"contentUrl\":\"https:\/\/www.hometheater.com.br\/portal\/wp-content\/uploads\/2022\/06\/assine_ht_01.png\",\"width\":800,\"height\":254,\"caption\":\"Home Theater\"},\"image\":{\"@id\":\"https:\/\/www.hometheater.com.br\/portal\/#\/schema\/logo\/image\/\"},\"sameAs\":[\"https:\/\/web.facebook.com\/revistahometheater\",\"https:\/\/x.com\/hometheaterbr\"]}]}<\/script>\n<!-- \/ Yoast SEO plugin. -->","yoast_head_json":{"title":"JO\u00c3O YAZBEK - AAT \u00c1udio - HT &amp; Casa Digital","robots":{"index":"index","follow":"follow","max-snippet":"max-snippet:-1","max-image-preview":"max-image-preview:large","max-video-preview":"max-video-preview:-1"},"canonical":"https:\/\/www.hometheater.com.br\/portal\/joao-yazbek-aat-audio\/","og_locale":"pt_BR","og_type":"article","og_title":"JO\u00c3O YAZBEK - AAT \u00c1udio - HT &amp; Casa Digital","og_description":"Reconhecido como um dos mais importantes e influentes profissionais do segmento de \u00e1udio e v\u00eddeo residencial brasileiro, o engenheiro Jo\u00e3o Yazbek tem 30 anos de","og_url":"https:\/\/www.hometheater.com.br\/portal\/joao-yazbek-aat-audio\/","og_site_name":"HT &amp; Casa Digital","article_publisher":"https:\/\/web.facebook.com\/revistahometheater","article_modified_time":"2019-07-12T20:45:21+00:00","og_image":[{"url":"https:\/\/www.hometheater.com.br\/portal\/wp-content\/uploads\/2019\/07\/j_yasbek.png","type":"","width":"","height":""}],"twitter_card":"summary_large_image","twitter_site":"@hometheaterbr","twitter_misc":{"Est. tempo de leitura":"2 minutos"},"schema":{"@context":"https:\/\/schema.org","@graph":[{"@type":"WebPage","@id":"https:\/\/www.hometheater.com.br\/portal\/joao-yazbek-aat-audio\/","url":"https:\/\/www.hometheater.com.br\/portal\/joao-yazbek-aat-audio\/","name":"JO\u00c3O YAZBEK - AAT \u00c1udio - HT &amp; Casa Digital","isPartOf":{"@id":"https:\/\/www.hometheater.com.br\/portal\/#website"},"primaryImageOfPage":{"@id":"https:\/\/www.hometheater.com.br\/portal\/joao-yazbek-aat-audio\/#primaryimage"},"image":{"@id":"https:\/\/www.hometheater.com.br\/portal\/joao-yazbek-aat-audio\/#primaryimage"},"thumbnailUrl":"https:\/\/www.hometheater.com.br\/portal\/wp-content\/uploads\/2019\/07\/j_yasbek.png","datePublished":"2019-07-12T20:13:30+00:00","dateModified":"2019-07-12T20:45:21+00:00","breadcrumb":{"@id":"https:\/\/www.hometheater.com.br\/portal\/joao-yazbek-aat-audio\/#breadcrumb"},"inLanguage":"pt-BR","potentialAction":[{"@type":"ReadAction","target":["https:\/\/www.hometheater.com.br\/portal\/joao-yazbek-aat-audio\/"]}]},{"@type":"ImageObject","inLanguage":"pt-BR","@id":"https:\/\/www.hometheater.com.br\/portal\/joao-yazbek-aat-audio\/#primaryimage","url":"https:\/\/www.hometheater.com.br\/portal\/wp-content\/uploads\/2019\/07\/j_yasbek.png","contentUrl":"https:\/\/www.hometheater.com.br\/portal\/wp-content\/uploads\/2019\/07\/j_yasbek.png","width":250,"height":253},{"@type":"BreadcrumbList","@id":"https:\/\/www.hometheater.com.br\/portal\/joao-yazbek-aat-audio\/#breadcrumb","itemListElement":[{"@type":"ListItem","position":1,"name":"In\u00edcio","item":"https:\/\/www.hometheater.com.br\/portal\/"},{"@type":"ListItem","position":2,"name":"JO\u00c3O YAZBEK &#8211; AAT \u00c1udio"}]},{"@type":"WebSite","@id":"https:\/\/www.hometheater.com.br\/portal\/#website","url":"https:\/\/www.hometheater.com.br\/portal\/","name":"HT &amp; Casa Digital","description":"O mundo digital em sua casa","publisher":{"@id":"https:\/\/www.hometheater.com.br\/portal\/#organization"},"potentialAction":[{"@type":"SearchAction","target":{"@type":"EntryPoint","urlTemplate":"https:\/\/www.hometheater.com.br\/portal\/?s={search_term_string}"},"query-input":{"@type":"PropertyValueSpecification","valueRequired":true,"valueName":"search_term_string"}}],"inLanguage":"pt-BR"},{"@type":"Organization","@id":"https:\/\/www.hometheater.com.br\/portal\/#organization","name":"Home Theater","url":"https:\/\/www.hometheater.com.br\/portal\/","logo":{"@type":"ImageObject","inLanguage":"pt-BR","@id":"https:\/\/www.hometheater.com.br\/portal\/#\/schema\/logo\/image\/","url":"https:\/\/www.hometheater.com.br\/portal\/wp-content\/uploads\/2022\/06\/assine_ht_01.png","contentUrl":"https:\/\/www.hometheater.com.br\/portal\/wp-content\/uploads\/2022\/06\/assine_ht_01.png","width":800,"height":254,"caption":"Home Theater"},"image":{"@id":"https:\/\/www.hometheater.com.br\/portal\/#\/schema\/logo\/image\/"},"sameAs":["https:\/\/web.facebook.com\/revistahometheater","https:\/\/x.com\/hometheaterbr"]}]}},"_links":{"self":[{"href":"https:\/\/www.hometheater.com.br\/portal\/wp-json\/wp\/v2\/pages\/8176","targetHints":{"allow":["GET"]}}],"collection":[{"href":"https:\/\/www.hometheater.com.br\/portal\/wp-json\/wp\/v2\/pages"}],"about":[{"href":"https:\/\/www.hometheater.com.br\/portal\/wp-json\/wp\/v2\/types\/page"}],"author":[{"embeddable":true,"href":"https:\/\/www.hometheater.com.br\/portal\/wp-json\/wp\/v2\/users\/1"}],"replies":[{"embeddable":true,"href":"https:\/\/www.hometheater.com.br\/portal\/wp-json\/wp\/v2\/comments?post=8176"}],"version-history":[{"count":0,"href":"https:\/\/www.hometheater.com.br\/portal\/wp-json\/wp\/v2\/pages\/8176\/revisions"}],"wp:attachment":[{"href":"https:\/\/www.hometheater.com.br\/portal\/wp-json\/wp\/v2\/media?parent=8176"}],"curies":[{"name":"wp","href":"https:\/\/api.w.org\/{rel}","templated":true}]}}