{"id":8164,"date":"2019-07-12T15:33:48","date_gmt":"2019-07-12T18:33:48","guid":{"rendered":"https:\/\/www.hometheater.com.br\/portal\/?page_id=8164"},"modified":"2019-07-18T09:37:30","modified_gmt":"2019-07-18T12:37:30","slug":"paulo-sergio-correia-personal-av-sistemas","status":"publish","type":"page","link":"https:\/\/www.hometheater.com.br\/portal\/paulo-sergio-correia-personal-av-sistemas\/","title":{"rendered":"PAULO SERGIO CORREIA &#8211; Personal AV Sistemas"},"content":{"rendered":"<p><img loading=\"lazy\" decoding=\"async\" class=\"alignleft size-full wp-image-8244\" src=\"https:\/\/www.hometheater.com.br\/portal\/wp-content\/uploads\/2019\/07\/paulo_personal.jpg\" alt=\"\" width=\"250\" height=\"223\" \/>S\u00f3cio fundador e membro da diretoria da Associa\u00e7\u00e3o Brasileira das Empresas de \u00c1udio e V\u00eddeo, vem trabalhando em eletr\u00f4nica desde 1973. Trabalhou na Sony, dando assessoria t\u00e9cnica profissional e suporte \u00e0s principais emissoras e produtoras de v\u00eddeo do pa\u00eds, al\u00e9m de ministrar treinamentos e apoio a funcion\u00e1rios das primeiras empresas de loca\u00e7\u00e3o de videoprojetores em S\u00e3o Paulo.<\/p>\n<p>Ap\u00f3s esse ciclo, passou a \u00a0dedicar-se mais especificamente a \u00e1rea de displays e desde ent\u00e3o frequenta eventos internacionais espec\u00edficos do segmento (INFOCOMM ) e treinamentos nos principais fabricantes. Possui certifica\u00e7\u00e3o de Cinema Digital (B\u00e9lgica em 2010) entre outros cursos na \u00e1rea de displays. Participou de v\u00e1rios projetos na America Latina, como montagem de simuladores e controladores de voo, bem como manuten\u00e7\u00e3o e upgrades em sistemas de control roons, os quais utilizam sistemas da Barco.<\/p><div class=\"homet-conteudo\" style=\"text-align: center;\" id=\"homet-206908610\"><div data-cfpa=\"36066\" data-cfpw=\"36066\" id=\"homet-2359902489\"><a data-no-instant=\"1\" href=\"https:\/\/loja.sommaior.com.br\/\" rel=\"noopener\" class=\"a2t-link\" aria-label=\"ABBEY-ROAD_360x300px\"><img loading=\"lazy\" decoding=\"async\" src=\"https:\/\/www.hometheater.com.br\/portal\/wp-content\/uploads\/2025\/10\/ABBEY-ROAD_360x300px.jpg\" alt=\"\"  class=\"no-lazyload\" width=\"300\" height=\"250\"   \/><\/a><\/div><script type=\"text\/javascript\">;new advadsCfpAd( 36066 );<\/script><\/div>\n<p>Atualmente, al\u00e9m de dirigir a Personal V\u00eddeo Service\u00a0 empresa especializada na manuten\u00e7\u00e3o de projetores e displays de Plasma e LCD\/LED, presta servi\u00e7os de consultoria t\u00e9cnica a varias empresas e revistas especializadas. Possui diversos artigos publicados, tendo sido colunista por seis anos da Revista Home Theater &amp; Casa Digital com mais de 90 publicados. Em constante atividade, tem ministrado diversas palestras e treinamentos na \u00e1rea de Proje\u00e7\u00e3o e Displays.<\/p>\n<p><a href=\"https:\/\/www.hometheater.com.br\/portal\/home-expert-inscricoes\/\"><img loading=\"lazy\" decoding=\"async\" class=\"aligncenter size-full wp-image-8003\" src=\"https:\/\/www.hometheater.com.br\/portal\/wp-content\/uploads\/2019\/06\/reserve2.png\" alt=\"\" width=\"420\" height=\"96\" srcset=\"https:\/\/www.hometheater.com.br\/portal\/wp-content\/uploads\/2019\/06\/reserve2.png 420w, https:\/\/www.hometheater.com.br\/portal\/wp-content\/uploads\/2019\/06\/reserve2-400x91.png 400w, https:\/\/www.hometheater.com.br\/portal\/wp-content\/uploads\/2019\/06\/reserve2-300x69.png 300w\" sizes=\"auto, (max-width: 420px) 100vw, 420px\" \/><\/a><\/p>\n","protected":false},"excerpt":{"rendered":"<p>S\u00f3cio fundador e membro da diretoria da Associa\u00e7\u00e3o Brasileira das Empresas de \u00c1udio e V\u00eddeo, vem trabalhando em eletr\u00f4nica desde 1973. Trabalhou na Sony, dando<\/p>\n","protected":false},"author":1,"featured_media":0,"parent":0,"menu_order":0,"comment_status":"closed","ping_status":"closed","template":"","meta":{"footnotes":""},"class_list":["post-8164","page","type-page","status-publish","hentry"],"yoast_head":"<!-- This site is optimized with the Yoast SEO plugin v25.7 - https:\/\/yoast.com\/wordpress\/plugins\/seo\/ -->\n<title>PAULO SERGIO CORREIA - Personal AV Sistemas - HT &amp; Casa Digital<\/title>\n<meta name=\"robots\" content=\"index, follow, max-snippet:-1, max-image-preview:large, max-video-preview:-1\" \/>\n<link rel=\"canonical\" href=\"https:\/\/www.hometheater.com.br\/portal\/paulo-sergio-correia-personal-av-sistemas\/\" \/>\n<meta property=\"og:locale\" content=\"pt_BR\" \/>\n<meta property=\"og:type\" content=\"article\" \/>\n<meta property=\"og:title\" content=\"PAULO SERGIO CORREIA - Personal AV Sistemas - HT &amp; Casa Digital\" \/>\n<meta property=\"og:description\" content=\"S\u00f3cio fundador e membro da diretoria da Associa\u00e7\u00e3o Brasileira das Empresas de \u00c1udio e V\u00eddeo, vem trabalhando em eletr\u00f4nica desde 1973. Trabalhou na Sony, dando\" \/>\n<meta property=\"og:url\" content=\"https:\/\/www.hometheater.com.br\/portal\/paulo-sergio-correia-personal-av-sistemas\/\" \/>\n<meta property=\"og:site_name\" content=\"HT &amp; Casa Digital\" \/>\n<meta property=\"article:publisher\" content=\"https:\/\/web.facebook.com\/revistahometheater\" \/>\n<meta property=\"article:modified_time\" content=\"2019-07-18T12:37:30+00:00\" \/>\n<meta property=\"og:image\" content=\"https:\/\/www.hometheater.com.br\/portal\/wp-content\/uploads\/2019\/07\/paulo_personal.jpg\" \/>\n<meta name=\"twitter:card\" content=\"summary_large_image\" \/>\n<meta name=\"twitter:site\" content=\"@hometheaterbr\" \/>\n<meta name=\"twitter:label1\" content=\"Est. tempo de leitura\" \/>\n\t<meta name=\"twitter:data1\" content=\"1 minuto\" \/>\n<script type=\"application\/ld+json\" class=\"yoast-schema-graph\">{\"@context\":\"https:\/\/schema.org\",\"@graph\":[{\"@type\":\"WebPage\",\"@id\":\"https:\/\/www.hometheater.com.br\/portal\/paulo-sergio-correia-personal-av-sistemas\/\",\"url\":\"https:\/\/www.hometheater.com.br\/portal\/paulo-sergio-correia-personal-av-sistemas\/\",\"name\":\"PAULO SERGIO CORREIA - Personal AV Sistemas - HT &amp; Casa Digital\",\"isPartOf\":{\"@id\":\"https:\/\/www.hometheater.com.br\/portal\/#website\"},\"primaryImageOfPage\":{\"@id\":\"https:\/\/www.hometheater.com.br\/portal\/paulo-sergio-correia-personal-av-sistemas\/#primaryimage\"},\"image\":{\"@id\":\"https:\/\/www.hometheater.com.br\/portal\/paulo-sergio-correia-personal-av-sistemas\/#primaryimage\"},\"thumbnailUrl\":\"https:\/\/www.hometheater.com.br\/portal\/wp-content\/uploads\/2019\/07\/paulo_personal.jpg\",\"datePublished\":\"2019-07-12T18:33:48+00:00\",\"dateModified\":\"2019-07-18T12:37:30+00:00\",\"breadcrumb\":{\"@id\":\"https:\/\/www.hometheater.com.br\/portal\/paulo-sergio-correia-personal-av-sistemas\/#breadcrumb\"},\"inLanguage\":\"pt-BR\",\"potentialAction\":[{\"@type\":\"ReadAction\",\"target\":[\"https:\/\/www.hometheater.com.br\/portal\/paulo-sergio-correia-personal-av-sistemas\/\"]}]},{\"@type\":\"ImageObject\",\"inLanguage\":\"pt-BR\",\"@id\":\"https:\/\/www.hometheater.com.br\/portal\/paulo-sergio-correia-personal-av-sistemas\/#primaryimage\",\"url\":\"https:\/\/www.hometheater.com.br\/portal\/wp-content\/uploads\/2019\/07\/paulo_personal.jpg\",\"contentUrl\":\"https:\/\/www.hometheater.com.br\/portal\/wp-content\/uploads\/2019\/07\/paulo_personal.jpg\",\"width\":250,\"height\":223},{\"@type\":\"BreadcrumbList\",\"@id\":\"https:\/\/www.hometheater.com.br\/portal\/paulo-sergio-correia-personal-av-sistemas\/#breadcrumb\",\"itemListElement\":[{\"@type\":\"ListItem\",\"position\":1,\"name\":\"In\u00edcio\",\"item\":\"https:\/\/www.hometheater.com.br\/portal\/\"},{\"@type\":\"ListItem\",\"position\":2,\"name\":\"PAULO SERGIO CORREIA &#8211; Personal AV Sistemas\"}]},{\"@type\":\"WebSite\",\"@id\":\"https:\/\/www.hometheater.com.br\/portal\/#website\",\"url\":\"https:\/\/www.hometheater.com.br\/portal\/\",\"name\":\"HT &amp; Casa Digital\",\"description\":\"O mundo digital em sua casa\",\"publisher\":{\"@id\":\"https:\/\/www.hometheater.com.br\/portal\/#organization\"},\"potentialAction\":[{\"@type\":\"SearchAction\",\"target\":{\"@type\":\"EntryPoint\",\"urlTemplate\":\"https:\/\/www.hometheater.com.br\/portal\/?s={search_term_string}\"},\"query-input\":{\"@type\":\"PropertyValueSpecification\",\"valueRequired\":true,\"valueName\":\"search_term_string\"}}],\"inLanguage\":\"pt-BR\"},{\"@type\":\"Organization\",\"@id\":\"https:\/\/www.hometheater.com.br\/portal\/#organization\",\"name\":\"Home Theater\",\"url\":\"https:\/\/www.hometheater.com.br\/portal\/\",\"logo\":{\"@type\":\"ImageObject\",\"inLanguage\":\"pt-BR\",\"@id\":\"https:\/\/www.hometheater.com.br\/portal\/#\/schema\/logo\/image\/\",\"url\":\"https:\/\/www.hometheater.com.br\/portal\/wp-content\/uploads\/2022\/06\/assine_ht_01.png\",\"contentUrl\":\"https:\/\/www.hometheater.com.br\/portal\/wp-content\/uploads\/2022\/06\/assine_ht_01.png\",\"width\":800,\"height\":254,\"caption\":\"Home Theater\"},\"image\":{\"@id\":\"https:\/\/www.hometheater.com.br\/portal\/#\/schema\/logo\/image\/\"},\"sameAs\":[\"https:\/\/web.facebook.com\/revistahometheater\",\"https:\/\/x.com\/hometheaterbr\"]}]}<\/script>\n<!-- \/ Yoast SEO plugin. -->","yoast_head_json":{"title":"PAULO SERGIO CORREIA - Personal AV Sistemas - HT &amp; Casa Digital","robots":{"index":"index","follow":"follow","max-snippet":"max-snippet:-1","max-image-preview":"max-image-preview:large","max-video-preview":"max-video-preview:-1"},"canonical":"https:\/\/www.hometheater.com.br\/portal\/paulo-sergio-correia-personal-av-sistemas\/","og_locale":"pt_BR","og_type":"article","og_title":"PAULO SERGIO CORREIA - Personal AV Sistemas - HT &amp; Casa Digital","og_description":"S\u00f3cio fundador e membro da diretoria da Associa\u00e7\u00e3o Brasileira das Empresas de \u00c1udio e V\u00eddeo, vem trabalhando em eletr\u00f4nica desde 1973. Trabalhou na Sony, dando","og_url":"https:\/\/www.hometheater.com.br\/portal\/paulo-sergio-correia-personal-av-sistemas\/","og_site_name":"HT &amp; Casa Digital","article_publisher":"https:\/\/web.facebook.com\/revistahometheater","article_modified_time":"2019-07-18T12:37:30+00:00","og_image":[{"url":"https:\/\/www.hometheater.com.br\/portal\/wp-content\/uploads\/2019\/07\/paulo_personal.jpg","type":"","width":"","height":""}],"twitter_card":"summary_large_image","twitter_site":"@hometheaterbr","twitter_misc":{"Est. tempo de leitura":"1 minuto"},"schema":{"@context":"https:\/\/schema.org","@graph":[{"@type":"WebPage","@id":"https:\/\/www.hometheater.com.br\/portal\/paulo-sergio-correia-personal-av-sistemas\/","url":"https:\/\/www.hometheater.com.br\/portal\/paulo-sergio-correia-personal-av-sistemas\/","name":"PAULO SERGIO CORREIA - Personal AV Sistemas - HT &amp; Casa Digital","isPartOf":{"@id":"https:\/\/www.hometheater.com.br\/portal\/#website"},"primaryImageOfPage":{"@id":"https:\/\/www.hometheater.com.br\/portal\/paulo-sergio-correia-personal-av-sistemas\/#primaryimage"},"image":{"@id":"https:\/\/www.hometheater.com.br\/portal\/paulo-sergio-correia-personal-av-sistemas\/#primaryimage"},"thumbnailUrl":"https:\/\/www.hometheater.com.br\/portal\/wp-content\/uploads\/2019\/07\/paulo_personal.jpg","datePublished":"2019-07-12T18:33:48+00:00","dateModified":"2019-07-18T12:37:30+00:00","breadcrumb":{"@id":"https:\/\/www.hometheater.com.br\/portal\/paulo-sergio-correia-personal-av-sistemas\/#breadcrumb"},"inLanguage":"pt-BR","potentialAction":[{"@type":"ReadAction","target":["https:\/\/www.hometheater.com.br\/portal\/paulo-sergio-correia-personal-av-sistemas\/"]}]},{"@type":"ImageObject","inLanguage":"pt-BR","@id":"https:\/\/www.hometheater.com.br\/portal\/paulo-sergio-correia-personal-av-sistemas\/#primaryimage","url":"https:\/\/www.hometheater.com.br\/portal\/wp-content\/uploads\/2019\/07\/paulo_personal.jpg","contentUrl":"https:\/\/www.hometheater.com.br\/portal\/wp-content\/uploads\/2019\/07\/paulo_personal.jpg","width":250,"height":223},{"@type":"BreadcrumbList","@id":"https:\/\/www.hometheater.com.br\/portal\/paulo-sergio-correia-personal-av-sistemas\/#breadcrumb","itemListElement":[{"@type":"ListItem","position":1,"name":"In\u00edcio","item":"https:\/\/www.hometheater.com.br\/portal\/"},{"@type":"ListItem","position":2,"name":"PAULO SERGIO CORREIA &#8211; Personal AV Sistemas"}]},{"@type":"WebSite","@id":"https:\/\/www.hometheater.com.br\/portal\/#website","url":"https:\/\/www.hometheater.com.br\/portal\/","name":"HT &amp; Casa Digital","description":"O mundo digital em sua casa","publisher":{"@id":"https:\/\/www.hometheater.com.br\/portal\/#organization"},"potentialAction":[{"@type":"SearchAction","target":{"@type":"EntryPoint","urlTemplate":"https:\/\/www.hometheater.com.br\/portal\/?s={search_term_string}"},"query-input":{"@type":"PropertyValueSpecification","valueRequired":true,"valueName":"search_term_string"}}],"inLanguage":"pt-BR"},{"@type":"Organization","@id":"https:\/\/www.hometheater.com.br\/portal\/#organization","name":"Home Theater","url":"https:\/\/www.hometheater.com.br\/portal\/","logo":{"@type":"ImageObject","inLanguage":"pt-BR","@id":"https:\/\/www.hometheater.com.br\/portal\/#\/schema\/logo\/image\/","url":"https:\/\/www.hometheater.com.br\/portal\/wp-content\/uploads\/2022\/06\/assine_ht_01.png","contentUrl":"https:\/\/www.hometheater.com.br\/portal\/wp-content\/uploads\/2022\/06\/assine_ht_01.png","width":800,"height":254,"caption":"Home Theater"},"image":{"@id":"https:\/\/www.hometheater.com.br\/portal\/#\/schema\/logo\/image\/"},"sameAs":["https:\/\/web.facebook.com\/revistahometheater","https:\/\/x.com\/hometheaterbr"]}]}},"_links":{"self":[{"href":"https:\/\/www.hometheater.com.br\/portal\/wp-json\/wp\/v2\/pages\/8164","targetHints":{"allow":["GET"]}}],"collection":[{"href":"https:\/\/www.hometheater.com.br\/portal\/wp-json\/wp\/v2\/pages"}],"about":[{"href":"https:\/\/www.hometheater.com.br\/portal\/wp-json\/wp\/v2\/types\/page"}],"author":[{"embeddable":true,"href":"https:\/\/www.hometheater.com.br\/portal\/wp-json\/wp\/v2\/users\/1"}],"replies":[{"embeddable":true,"href":"https:\/\/www.hometheater.com.br\/portal\/wp-json\/wp\/v2\/comments?post=8164"}],"version-history":[{"count":0,"href":"https:\/\/www.hometheater.com.br\/portal\/wp-json\/wp\/v2\/pages\/8164\/revisions"}],"wp:attachment":[{"href":"https:\/\/www.hometheater.com.br\/portal\/wp-json\/wp\/v2\/media?parent=8164"}],"curies":[{"name":"wp","href":"https:\/\/api.w.org\/{rel}","templated":true}]}}