{"id":28563,"date":"2023-08-17T11:26:45","date_gmt":"2023-08-17T14:26:45","guid":{"rendered":"https:\/\/www.hometheater.com.br\/portal\/?page_id=28563"},"modified":"2023-08-17T15:24:24","modified_gmt":"2023-08-17T18:24:24","slug":"programacao","status":"publish","type":"page","link":"https:\/\/www.hometheater.com.br\/portal\/programacao\/","title":{"rendered":"PROGRAMA\u00c7\u00c3O"},"content":{"rendered":"<p><img loading=\"lazy\" decoding=\"async\" class=\"aligncenter size-full wp-image-28595\" src=\"https:\/\/www.hometheater.com.br\/portal\/wp-content\/uploads\/2023\/08\/home_expert.jpg\" alt=\"\" width=\"800\" height=\"454\" srcset=\"https:\/\/www.hometheater.com.br\/portal\/wp-content\/uploads\/2023\/08\/home_expert.jpg 800w, https:\/\/www.hometheater.com.br\/portal\/wp-content\/uploads\/2023\/08\/home_expert-400x227.jpg 400w, https:\/\/www.hometheater.com.br\/portal\/wp-content\/uploads\/2023\/08\/home_expert-500x284.jpg 500w, https:\/\/www.hometheater.com.br\/portal\/wp-content\/uploads\/2023\/08\/home_expert-300x170.jpg 300w, https:\/\/www.hometheater.com.br\/portal\/wp-content\/uploads\/2023\/08\/home_expert-768x436.jpg 768w\" sizes=\"auto, (max-width: 800px) 100vw, 800px\" \/><\/p>\n<p>&nbsp;<\/p>\n<h4>Veja como ser\u00e1 a 2<sup>a<\/sup> Edi\u00e7\u00e3o do Programa HOME EXPERT<\/h4>\n<p><strong>Data:<\/strong> 29\/07\/2019<\/p>\n<p><strong>Hor\u00e1rio:<\/strong> 9 hs<\/p><div class=\"homet-conteudo\" style=\"text-align: center;\" id=\"homet-1099918631\"><div data-cfpa=\"36066\" data-cfpw=\"36066\" id=\"homet-2194064813\"><a data-no-instant=\"1\" href=\"https:\/\/loja.sommaior.com.br\/\" rel=\"noopener\" class=\"a2t-link\" aria-label=\"ABBEY-ROAD_360x300px\"><img loading=\"lazy\" decoding=\"async\" src=\"https:\/\/www.hometheater.com.br\/portal\/wp-content\/uploads\/2025\/10\/ABBEY-ROAD_360x300px.jpg\" alt=\"\"  class=\"no-lazyload\" width=\"300\" height=\"250\"   \/><\/a><\/div><script type=\"text\/javascript\">;new advadsCfpAd( 36066 );<\/script><\/div>\n<p><strong>Local:<\/strong> Hotel Century \u2013 R. Teixeira da Silva 647<\/p>\n<p>&nbsp;<\/p>\n<p><span style=\"text-decoration: underline;\"><strong>GRADE DE PALESTRAS*<\/strong><\/span><\/p>\n<p><a href=\"https:\/\/www.hometheater.com.br\/portal\/paulo-sergio-correia-personal-av-sistemas\/\"><strong>9h: TV ou Projetor? Quando e Como Escolher<\/strong><\/a><\/p>\n<p><strong>Palestrante:<\/strong> PAULO SERGIO CORREIA, Personal AV Sistemas<\/p>\n<p>&nbsp;<\/p>\n<p><strong>10h15:<\/strong> Apresenta\u00e7\u00e3o do Patrocinador (BENQ)<\/p>\n<p>&nbsp;<\/p>\n<p><strong>10h45:<\/strong> Coffe Break<\/p>\n<p><a href=\"https:\/\/www.hometheater.com.br\/portal\/palestra-video-joao-yazbek-aat-audio\/\"><strong>11h00: Multiroom e Projetos de Som Ambiente<\/strong><\/a><\/p>\n<p><strong>Palestrante:<\/strong> JO\u00c3O YAZBEK, AAT \u00c1udio<\/p>\n<p>&nbsp;<\/p>\n<p><strong>12h15:<\/strong> Intervalo<\/p>\n<p>&nbsp;<\/p>\n<p><a href=\"https:\/\/www.hometheater.com.br\/portal\/vinicius-bastos-quero-automacao\/\"><strong>13h30 : Infraestrutura para Projetos de Casa Inteligente<\/strong><\/a><\/p>\n<p><strong>Palestrante:<\/strong> VINICIUS BASTOS, QueroAutoma\u00e7\u00e3o<\/p>\n<p>&nbsp;<\/p>\n<p><a href=\"https:\/\/www.hometheater.com.br\/portal\/palestra-wdc\/\"><strong>14h45:<\/strong> Apresenta\u00e7\u00e3o do Patrocinador (WDC)<\/a><\/p>\n<p>&nbsp;<\/p>\n<p><a href=\"https:\/\/www.hometheater.com.br\/portal\/home-expert-palestra-video-o-novo-papel-do-integrador-de-sistemas-av\/\"><strong>15h15: O Novo Papel do Integrador de Sistemas AV<\/strong><\/a><\/p>\n<p><strong>Palestrante:<\/strong> CARLOS DALMARCO, CDConsult<\/p>\n<p>&nbsp;<\/p>\n<p><a href=\"https:\/\/www.hometheater.com.br\/portal\/palestra-aat\/\"><strong>16h30:<\/strong> Apresenta\u00e7\u00e3o de Patrocinador <strong>(AAT)<\/strong><\/a><\/p>\n<p>&nbsp;<\/p>\n<p><strong>17h00:<\/strong> Coffee Break<\/p>\n<p>&nbsp;<\/p>\n<p><a href=\"https:\/\/www.hometheater.com.br\/portal\/home-expert-palestra-montagem-de-sistemas-de-audio-dolby-atmos\/\"><strong>17h15: Montagem de Sistemas de \u00c1udio Dolby Atmos<\/strong><\/a><\/p>\n<p><strong>Palestrantes:<\/strong> RAFAEL CASTRO Dolby Laboratories e DANIEL REIS<\/p>\n<p>&nbsp;<\/p>\n<p><strong>18h30:<\/strong> Encerramento<\/p>\n","protected":false},"excerpt":{"rendered":"<p>&nbsp; Veja como ser\u00e1 a 2a Edi\u00e7\u00e3o do Programa HOME EXPERT Data: 29\/07\/2019 Hor\u00e1rio: 9 hs Local: Hotel Century \u2013 R. Teixeira da Silva 647<\/p>\n","protected":false},"author":1,"featured_media":0,"parent":0,"menu_order":0,"comment_status":"closed","ping_status":"closed","template":"","meta":{"footnotes":""},"class_list":["post-28563","page","type-page","status-publish","hentry"],"yoast_head":"<!-- This site is optimized with the Yoast SEO plugin v25.7 - https:\/\/yoast.com\/wordpress\/plugins\/seo\/ -->\n<title>PROGRAMA\u00c7\u00c3O - HT &amp; Casa Digital<\/title>\n<meta name=\"robots\" content=\"index, follow, max-snippet:-1, max-image-preview:large, max-video-preview:-1\" \/>\n<link rel=\"canonical\" href=\"https:\/\/www.hometheater.com.br\/portal\/programacao\/\" \/>\n<meta property=\"og:locale\" content=\"pt_BR\" \/>\n<meta property=\"og:type\" content=\"article\" \/>\n<meta property=\"og:title\" content=\"PROGRAMA\u00c7\u00c3O - HT &amp; Casa Digital\" \/>\n<meta property=\"og:description\" content=\"&nbsp; Veja como ser\u00e1 a 2a Edi\u00e7\u00e3o do Programa HOME EXPERT Data: 29\/07\/2019 Hor\u00e1rio: 9 hs Local: Hotel Century \u2013 R. Teixeira da Silva 647\" \/>\n<meta property=\"og:url\" content=\"https:\/\/www.hometheater.com.br\/portal\/programacao\/\" \/>\n<meta property=\"og:site_name\" content=\"HT &amp; Casa Digital\" \/>\n<meta property=\"article:publisher\" content=\"https:\/\/web.facebook.com\/revistahometheater\" \/>\n<meta property=\"article:modified_time\" content=\"2023-08-17T18:24:24+00:00\" \/>\n<meta property=\"og:image\" content=\"https:\/\/www.hometheater.com.br\/portal\/wp-content\/uploads\/2023\/08\/home_expert.jpg\" \/>\n<meta name=\"twitter:card\" content=\"summary_large_image\" \/>\n<meta name=\"twitter:site\" content=\"@hometheaterbr\" \/>\n<meta name=\"twitter:label1\" content=\"Est. tempo de leitura\" \/>\n\t<meta name=\"twitter:data1\" content=\"1 minuto\" \/>\n<script type=\"application\/ld+json\" class=\"yoast-schema-graph\">{\"@context\":\"https:\/\/schema.org\",\"@graph\":[{\"@type\":\"WebPage\",\"@id\":\"https:\/\/www.hometheater.com.br\/portal\/programacao\/\",\"url\":\"https:\/\/www.hometheater.com.br\/portal\/programacao\/\",\"name\":\"PROGRAMA\u00c7\u00c3O - HT &amp; Casa Digital\",\"isPartOf\":{\"@id\":\"https:\/\/www.hometheater.com.br\/portal\/#website\"},\"primaryImageOfPage\":{\"@id\":\"https:\/\/www.hometheater.com.br\/portal\/programacao\/#primaryimage\"},\"image\":{\"@id\":\"https:\/\/www.hometheater.com.br\/portal\/programacao\/#primaryimage\"},\"thumbnailUrl\":\"https:\/\/www.hometheater.com.br\/portal\/wp-content\/uploads\/2023\/08\/home_expert.jpg\",\"datePublished\":\"2023-08-17T14:26:45+00:00\",\"dateModified\":\"2023-08-17T18:24:24+00:00\",\"breadcrumb\":{\"@id\":\"https:\/\/www.hometheater.com.br\/portal\/programacao\/#breadcrumb\"},\"inLanguage\":\"pt-BR\",\"potentialAction\":[{\"@type\":\"ReadAction\",\"target\":[\"https:\/\/www.hometheater.com.br\/portal\/programacao\/\"]}]},{\"@type\":\"ImageObject\",\"inLanguage\":\"pt-BR\",\"@id\":\"https:\/\/www.hometheater.com.br\/portal\/programacao\/#primaryimage\",\"url\":\"https:\/\/www.hometheater.com.br\/portal\/wp-content\/uploads\/2023\/08\/home_expert.jpg\",\"contentUrl\":\"https:\/\/www.hometheater.com.br\/portal\/wp-content\/uploads\/2023\/08\/home_expert.jpg\",\"width\":800,\"height\":454},{\"@type\":\"BreadcrumbList\",\"@id\":\"https:\/\/www.hometheater.com.br\/portal\/programacao\/#breadcrumb\",\"itemListElement\":[{\"@type\":\"ListItem\",\"position\":1,\"name\":\"In\u00edcio\",\"item\":\"https:\/\/www.hometheater.com.br\/portal\/\"},{\"@type\":\"ListItem\",\"position\":2,\"name\":\"PROGRAMA\u00c7\u00c3O\"}]},{\"@type\":\"WebSite\",\"@id\":\"https:\/\/www.hometheater.com.br\/portal\/#website\",\"url\":\"https:\/\/www.hometheater.com.br\/portal\/\",\"name\":\"HT &amp; Casa Digital\",\"description\":\"O mundo digital em sua casa\",\"publisher\":{\"@id\":\"https:\/\/www.hometheater.com.br\/portal\/#organization\"},\"potentialAction\":[{\"@type\":\"SearchAction\",\"target\":{\"@type\":\"EntryPoint\",\"urlTemplate\":\"https:\/\/www.hometheater.com.br\/portal\/?s={search_term_string}\"},\"query-input\":{\"@type\":\"PropertyValueSpecification\",\"valueRequired\":true,\"valueName\":\"search_term_string\"}}],\"inLanguage\":\"pt-BR\"},{\"@type\":\"Organization\",\"@id\":\"https:\/\/www.hometheater.com.br\/portal\/#organization\",\"name\":\"Home Theater\",\"url\":\"https:\/\/www.hometheater.com.br\/portal\/\",\"logo\":{\"@type\":\"ImageObject\",\"inLanguage\":\"pt-BR\",\"@id\":\"https:\/\/www.hometheater.com.br\/portal\/#\/schema\/logo\/image\/\",\"url\":\"https:\/\/www.hometheater.com.br\/portal\/wp-content\/uploads\/2022\/06\/assine_ht_01.png\",\"contentUrl\":\"https:\/\/www.hometheater.com.br\/portal\/wp-content\/uploads\/2022\/06\/assine_ht_01.png\",\"width\":800,\"height\":254,\"caption\":\"Home Theater\"},\"image\":{\"@id\":\"https:\/\/www.hometheater.com.br\/portal\/#\/schema\/logo\/image\/\"},\"sameAs\":[\"https:\/\/web.facebook.com\/revistahometheater\",\"https:\/\/x.com\/hometheaterbr\"]}]}<\/script>\n<!-- \/ Yoast SEO plugin. -->","yoast_head_json":{"title":"PROGRAMA\u00c7\u00c3O - HT &amp; Casa Digital","robots":{"index":"index","follow":"follow","max-snippet":"max-snippet:-1","max-image-preview":"max-image-preview:large","max-video-preview":"max-video-preview:-1"},"canonical":"https:\/\/www.hometheater.com.br\/portal\/programacao\/","og_locale":"pt_BR","og_type":"article","og_title":"PROGRAMA\u00c7\u00c3O - HT &amp; Casa Digital","og_description":"&nbsp; Veja como ser\u00e1 a 2a Edi\u00e7\u00e3o do Programa HOME EXPERT Data: 29\/07\/2019 Hor\u00e1rio: 9 hs Local: Hotel Century \u2013 R. Teixeira da Silva 647","og_url":"https:\/\/www.hometheater.com.br\/portal\/programacao\/","og_site_name":"HT &amp; Casa Digital","article_publisher":"https:\/\/web.facebook.com\/revistahometheater","article_modified_time":"2023-08-17T18:24:24+00:00","og_image":[{"url":"https:\/\/www.hometheater.com.br\/portal\/wp-content\/uploads\/2023\/08\/home_expert.jpg","type":"","width":"","height":""}],"twitter_card":"summary_large_image","twitter_site":"@hometheaterbr","twitter_misc":{"Est. tempo de leitura":"1 minuto"},"schema":{"@context":"https:\/\/schema.org","@graph":[{"@type":"WebPage","@id":"https:\/\/www.hometheater.com.br\/portal\/programacao\/","url":"https:\/\/www.hometheater.com.br\/portal\/programacao\/","name":"PROGRAMA\u00c7\u00c3O - HT &amp; Casa Digital","isPartOf":{"@id":"https:\/\/www.hometheater.com.br\/portal\/#website"},"primaryImageOfPage":{"@id":"https:\/\/www.hometheater.com.br\/portal\/programacao\/#primaryimage"},"image":{"@id":"https:\/\/www.hometheater.com.br\/portal\/programacao\/#primaryimage"},"thumbnailUrl":"https:\/\/www.hometheater.com.br\/portal\/wp-content\/uploads\/2023\/08\/home_expert.jpg","datePublished":"2023-08-17T14:26:45+00:00","dateModified":"2023-08-17T18:24:24+00:00","breadcrumb":{"@id":"https:\/\/www.hometheater.com.br\/portal\/programacao\/#breadcrumb"},"inLanguage":"pt-BR","potentialAction":[{"@type":"ReadAction","target":["https:\/\/www.hometheater.com.br\/portal\/programacao\/"]}]},{"@type":"ImageObject","inLanguage":"pt-BR","@id":"https:\/\/www.hometheater.com.br\/portal\/programacao\/#primaryimage","url":"https:\/\/www.hometheater.com.br\/portal\/wp-content\/uploads\/2023\/08\/home_expert.jpg","contentUrl":"https:\/\/www.hometheater.com.br\/portal\/wp-content\/uploads\/2023\/08\/home_expert.jpg","width":800,"height":454},{"@type":"BreadcrumbList","@id":"https:\/\/www.hometheater.com.br\/portal\/programacao\/#breadcrumb","itemListElement":[{"@type":"ListItem","position":1,"name":"In\u00edcio","item":"https:\/\/www.hometheater.com.br\/portal\/"},{"@type":"ListItem","position":2,"name":"PROGRAMA\u00c7\u00c3O"}]},{"@type":"WebSite","@id":"https:\/\/www.hometheater.com.br\/portal\/#website","url":"https:\/\/www.hometheater.com.br\/portal\/","name":"HT &amp; Casa Digital","description":"O mundo digital em sua casa","publisher":{"@id":"https:\/\/www.hometheater.com.br\/portal\/#organization"},"potentialAction":[{"@type":"SearchAction","target":{"@type":"EntryPoint","urlTemplate":"https:\/\/www.hometheater.com.br\/portal\/?s={search_term_string}"},"query-input":{"@type":"PropertyValueSpecification","valueRequired":true,"valueName":"search_term_string"}}],"inLanguage":"pt-BR"},{"@type":"Organization","@id":"https:\/\/www.hometheater.com.br\/portal\/#organization","name":"Home Theater","url":"https:\/\/www.hometheater.com.br\/portal\/","logo":{"@type":"ImageObject","inLanguage":"pt-BR","@id":"https:\/\/www.hometheater.com.br\/portal\/#\/schema\/logo\/image\/","url":"https:\/\/www.hometheater.com.br\/portal\/wp-content\/uploads\/2022\/06\/assine_ht_01.png","contentUrl":"https:\/\/www.hometheater.com.br\/portal\/wp-content\/uploads\/2022\/06\/assine_ht_01.png","width":800,"height":254,"caption":"Home Theater"},"image":{"@id":"https:\/\/www.hometheater.com.br\/portal\/#\/schema\/logo\/image\/"},"sameAs":["https:\/\/web.facebook.com\/revistahometheater","https:\/\/x.com\/hometheaterbr"]}]}},"_links":{"self":[{"href":"https:\/\/www.hometheater.com.br\/portal\/wp-json\/wp\/v2\/pages\/28563","targetHints":{"allow":["GET"]}}],"collection":[{"href":"https:\/\/www.hometheater.com.br\/portal\/wp-json\/wp\/v2\/pages"}],"about":[{"href":"https:\/\/www.hometheater.com.br\/portal\/wp-json\/wp\/v2\/types\/page"}],"author":[{"embeddable":true,"href":"https:\/\/www.hometheater.com.br\/portal\/wp-json\/wp\/v2\/users\/1"}],"replies":[{"embeddable":true,"href":"https:\/\/www.hometheater.com.br\/portal\/wp-json\/wp\/v2\/comments?post=28563"}],"version-history":[{"count":0,"href":"https:\/\/www.hometheater.com.br\/portal\/wp-json\/wp\/v2\/pages\/28563\/revisions"}],"wp:attachment":[{"href":"https:\/\/www.hometheater.com.br\/portal\/wp-json\/wp\/v2\/media?parent=28563"}],"curies":[{"name":"wp","href":"https:\/\/api.w.org\/{rel}","templated":true}]}}